 + 11.
-17
What is 32 - (-24 - -173 - 59)?
-58
-116 + 120 + (1 - -6) + (-10 - 4)
-3
What is 21 + (-88 - -47) + (2 - 2) + 2?
-18
(-62 - (-16 + 13 - 13)) + 13 + -2
-35
What is the value of -16 + (63 - (-65 - -124))?
-12
What is the value of -75 + 100 + -50 + 0 - (1 - (-3 - -1))?
-28
Evaluate (10 - (-34 - -6)) + (1 - -3) + 4.
46
Calculate 44 - 1 - (5 - (9 - (1 + 7 - 13))).
52
What is the value of -2 + (-3 - (-4 - 0) - (7 + -1 + -12))?
5
What is -56 + 43 + 4 + (3 - (-2 + 13))?
-17
Evaluate (3 + -26 - (9 + -10 + -2 + -3)) + -4.
-21
-161 + 167 - (-49 - -2 - -4)
49
Calculate 70 - (-21 - (-95 + 23)).
19
Calculate 28 - ((2 - (-10 + 6)) + 1 + -14).
35
50 + -10 - 13 - -8 - -29
64
What is 7 + -42 + 9 + 10 - -12 - -58?
54
What is -22 - (-35 - -23) - (-11 + -11)?
12
What is the value of -6 + (28 - 16) + (5 + -9 - -9) + -79?
-68
Evaluate (50 - -6) + -1 + 9 + 0 + -9 + 2.
57
What is -4 + 26 + -70 + 39 + 65?
56
Evaluate (-915 - -1004) + -59 + 15.
45
Calculate 156 + -90 + -85 - (3 + 0 - 7).
-15
Calculate -57 + (10490 + -10456 - (0 - (-19 - -1))).
-41
Calculate -15 + 1 + (5 - -11) + -3 + -5 + 0.
-6
Calculate -37 + -57 + 10 + 38.
-46
Evaluate 41 + -7 + (-34 - 1).
-1
-6 + 42 + (-57 - -43) + 13
35
What is the value of 42 + (21 - 20 - 23 - -7)?
27
Calculate 0 + -5 - ((34 - -31) + 8 - (5 - -8)).
-65
What is 11 + -27 - -22 - (3 - 8 - 28)?
39
What is the value of -13 + (-111 - -43 - -136)?
55
Calculate (30 - (7 + 3)) + 4 + 0 + 5.
29
What is the value of (-17 - -5) + (-133 - (-47 + 37))?
-135
What is the value of (-14 + (4 - 2) + 16 - 19) + (61 - 2)?
44
(4 - -27 - 32 - 2) + (17 - (-2 + 4))
12
Calculate -54 + -34 + 121 + -64.
-31
What is the value of (23 + -3 + 10 + -37 - -22) + -137?
-122
What is (-94 - -2) + (1342 - 1299)?
-49
What is (-219 - -132) + 90 - (-8 + -1)?
12
21 + 22 - (19 - 7 - 37)
68
What is 9 + -3 + 4 + -5 + (-532 - -495)?
-32
-26 - (-20 + (-25 - -35)) - -104
88
What is 62 - (60 + -51) - 61?
-8
6 - (26 + -15 + 6 + (-7 - -4))
-8
What is the value of (-68 - -8) + 73 + 17?
30
Calculate (12009 - 11968) + -154 + -2.
-115
Evaluate 0 + (1 - 0) + 7 + 0 + -18 + -10.
-20
What is -88 + (28 - (-19 - 5))?
-36
(-4 - 30 - (-113 - -42)) + -14
23
Calculate (-12 - (-39 - -132)) + 59.
-46
-12 - (62 - 56 - (7 - -14))
3
What is (3 - ((-27 - -28) + 15 + -10)) + 20?
17
What is -104 + 61 - (15 + -80)?
22
-2654 + 2621 - (-1 - 56)
24
Calculate 37 + -68 + (-66 - -48).
-49
What is (-70 - (-39 - 36)) + 23 + 0?
28
-56 + (150 - (-1 + 68))
27
Calculate ((0 - -2) + 12 - -1) + (8 - 0).
23
-120 + 134 + (-3 - -49) - (3 - (0 + -2))
55
What is -7 + 14 - (-11 + 8 + 0 + (13 - 17))?
14
-49 - 18 - -21 - ((-13 - 28) + 19)
-24
Calculate 8 - (0 + 7 + (-44 - -19) + 11 + 13).
2
Evaluate (29 - (-5 + 2) - (81 + -54)) + (-22 - -1).
-16
Calculate 5 - (4 - ((-1 - 7) + -4 + 20 + 116)).
125
Evaluate 15 - (3 + (-32 - -35) + 2).
7
What is 9 + -41 + (0 - (-9 - (-6 + -1 + -5)))?
-35
What is 31 - (-56 + 114 - 10)?
-17
What is (-26 - 14) + 70 - 8?
22
Evaluate 2 + (0 - -1) + (-245 - -688) + -347.
99
Evaluate -10 - -9 - (9 + -5 + (6 - -2) - 32).
19
-11 + 11 + -11 - (-13 + 0 - -21)
-19
What is 54 - ((4 - 1) + -1) - 3 - (-18 + 21)?
46
-11 + (4 + 1 - 4) + -17
-27
Evaluate (-7 + 7 - -7) + -3 + (-7 - 11 - -8).
-6
Calculate (-11 - (-49 + 0 + 22 + -3)) + 92.
111
What is the value of 1 + (65 - (-5 + (-4 + 1 + 9 - -4)))?
61
What is the value of 9 + -5 + -16 + 32 + -16 + -48?
-44
What is -10 - 1 - (2 - -18 - (116 - 91))?
-6
What is the value of -7 - ((18 - (-6 + 29)) + 1 + 7 + -117)?
107
Evaluate -460 - -479 - (-54 - (-3 + 4)).
74
(-1 - -5) + -23 + (-1 - -14 - -5)
-1
-14 + -17 + 9 - (-17 + -20)
15
19 - (22 + (-16 - 108 - -25))
96
Evaluate 20 + (-2 + 9 + -10 - (-18 - -23)).
12
Evaluate 16 - 9 - -15 - (-45 - -16).
51
What is 49 - (-1998 + 1948 - (-6 + 2))?
95
19 + (-49 - -27) - -18
15
Calculate 113 - (122 + -40) - 31.
0
What is -96 + (-9 - (-16 - 5)) - 8 - (3 - -4)?
-99
Calculate 23 + 3 + -2 + (16 - -5) + 60 + -74.
31
What is the value of -4 + ((-3 - -1 - -44) + (-9 - -9) - -3)?
41
(12 - (-27 - (5 + -1))) + 11
54
What is 60 + (-11 - 2) + (-54 - -76)?
69
80 + (-160 - 2) + 103
21
What is the value of 1 + -2 + 76 + (18 - 50)?
43
What is -48 - (58 + -95 - -11)?
-22
What is 11 - 57 - (-64 - -25)?
-7
What is the value of -11 + 2 + 6 + -6 + 0 - (40 + -37)?
-12
-2 - -27 - (-12 + -15 + 41 - 19)
30
Evaluate 35 + (-59 - (-61 + 55)).
-18
What is the value of (-22 + 1 - -3) + -7 + 6 + 0 + -7?
-26
Evaluate (11 - 39) + 6 + (7 + -9 - 3).
-27
Evaluate (-27 - -3) + 28 - (11 + -20).
13
What is the value of -2 + 7 + -9 - (11 + 10 + 26)?
-51
What is the value of (1 + (2 - -6 - 57) - 13) + 3?
-58
(-919 - -961) + 3 + -7
38
Calculate (-40 + 76 - 75 - 60) + 21.
-78
Calculate (7 - (69 + -88 + -1 + 17)) + -4 + 90.
96
What is the value of -2 + -3 + (-11 + 19 - -5) - 15 - -26?
19
1 - -38 - (20 + 52 + -81)
48
(0 - -11) + (1 - (-7 + 10)) + -9
0
Evaluate -23 - -1 - (-15 + -12 + (25 - (5 + -10))).
-25
Evaluate -54 + 1 - (-26283 - -26259).
-29
What is (-1 + -2 - 8) + -1 + 12?
0
What is (-3 + -11 - -21) + (-4 - -7 - -5)?
15
Calculate 46 + -129 - -44 - -62.
23
Calculate -548 + 545 - (-1 + (20 - 3) - 4).
-15
1 + 34 - ((101 - 158) + 35)
57
Calculate (-1 - -2 - -69) + (18 + 64 - 102).
50
-22 + (28 + -1 + 10 - 18)
-3
1455 + -1438 + 1 + (2 + -4 - 97)
-81
Calculate 5 + 58 + -33 - 13.
17
What is the value of 17 + (13 - -20 - 20 - -6)?
36
Calculate 33 - (8 - 8) - (1 + -7 + 9).
30
Calculate 4 - 2 - (-288 + 250).
40
Calculate -57 - (61 + -45) - -34.
-39
Evaluate (29 - (-1 - 0)) + (11 - 158 - -158).
41
105 - (12 + -43 + 26 + 8)
102
Calculate 71 - 75 - (9 - (7 - (2 - -2))).
-10
Evaluate -27 + 88 + (18 - 58).
21
(-16 - -6) + -33 + (-18 - (-15 - -5))
-51
What is (13 + 2 - -3 - 9) + (24 - -6)?
39
Calculate 152 - 53 - (-361 - -392).
68
Calculate -29 - 0 - (-26 + 16 + 11 + 4) - -10.
-24
What is -9 + (-3 - 11) + 78 + -12 + 0?
43
What is the value of 10 - ((15 - -19) + -17) - (5 + 14)?
-26
-45 + 49 + -13 + (1 - 5)
-13
10 + (7 + (2 - 2) - (295 + -285))
7
What is (-21 + 9 - -4) + -10?
-18
What is the value of 54 + (-159 - (-62 - 24))?
-19
Calculate 66 + (0 - -7) + -113 + 106.
66
-13 - ((33 - 21) + 15)
-40
Calculate 1 + -14 + -6 + -7 + 3 + 14.
-9
What is (27 - 48 - -65) + (-18 - 1)?
25
Calculate 56 + (5 + 10 - (3 + 28) - -11).
51
What is -28 + (354 - 342) + (1 - -4)?
-11
Evaluate -25 + (-17 - (10 + (-8 - 11))) - -1.
-32
-125 - (-55 + -210) - 40
100
What is (-91 - 2) + (-214 - -382)?
75
Evaluate -14 + (-5 - (5 + 3)) + 10 + 35.
18
(0 - (-8 + (-2 - -9))) + 7 + -42
-34
(-8 - -3) + 14 + 292 + -292
9
Calculate -2 + 7 + (104 - 118) - 5.
-14
What is the value of 37 + (38 - 133) + 39?
-19
Calculate 62 + (-115 - -47) + (-8 - -1) - (9 + -4).
-18
Evaluate (37 - 20 - (14 - 9)) + (-1 - -31).
42
Evaluate -8 + 13 + 2 + -6 - (54 - 15).
-38
((29 - -2) + (24 - 16) - 8) + 2 + -2
31
What is the value of (-115 - -56 - -22) + 30?
-7
What is the value of 2 + -8 + (51 - 24 - 30) - (44 - -2)?
-55
Calculate (67 - 0) + 169 + -287.
-51
Calculate 36 + (9 - (-53 + 115)).
-17
Calculate 100 - (207 + -48) - -101.
42
Calculate (32 - 34) + 54 - (3 - -3).
46
Calculate -6 - (4 - 0 - (33 - 33) - (61 - 55)).
-4
3 - (-8 + -5) - ((6 - -1) + (0 - -5))
4
(-12 - 6 - -63) + (3 - 5)
43
Calculate 61 - -3 - (-3253 - -3263).
54
Evaluate (66 - -48) + (-45 - -10) - 20.
59
What is the value of 5 + 4 + -3 + 18 + -148 + 140?
16
-7 - ((3 - 9 - -13) + -3 + 29 + 7)
-47
Evaluate -1 + 36 + -8538 + 8508.
5
What is the value of -25 - ((1 - -49) + (22 + -104 - -58))?
-51
-23 - ((-74 - -82) + -10 + -5)
-16
What is (-3 - 0) + 17 + 18 + 2 + -59?
-25
What is -1 - (2 + -38) - (253 + -245 + (3 - 10))?
34
Evaluate -5 + (1 - -5) - (45 - (-23 + 8 + 9)).
-50
-23 - -170 - -8 - 6
149
What is -1043 + 1083 + (-16 - 0)?
24
What is the value of -185 + 197 + -3 + 22 + 10?
41
What is 29 + (-13 - -27 - 30)?
13
What is -82 + 109 + 33 - 12?
48
Calculate -24 - (-15 + (45 - 37)).
-17
Evaluate (32 + -17 - 3) + 19 - -7.
38
Calculate -18 + (0 - (-19 - (4 + (-5 - -4)))).
4
What is the value of -13 + 1 + 86 + -41 + -15 + 48?
66
Calculate -9 - (-35 + -22 + 25 - -57).
-34
What is 10 - (8 - (45 + (-8 - (11 + -14))))?
42
Evaluate 4 + (-5 - -7) - (-93 + 129).
-30
Calculate (-72 + 40 - 143) + 36 + 15.
-124
Evaluate (6 - -19 - 37) + 40 + -16.
12
1 + 2 + -40 + (2814 - 2804)
-27
